is -4 + -1 + (119 - 130) - (13 + 0)?
-29
Calculate -36 + (53 - (-2 + -47)).
66
What is the value of 46 + (56 - 13) - (-2 + -3 + 7)?
87
Evaluate -99 - -319 - -21 - 132.
109
Calculate -62 + 73 + -10 + 30.
31
What is the value of (8 - (11 - 11)) + (-39 - -37)?
6
What is -142 + (56 - -52) + 33?
-1
What is 6 - -30 - (281 + -228)?
-17
Calculate -17 - (2 + 94 - (10 + 59 + -50)).
-94
Calculate 77 + -4 + -1 + 3 + -1 + (484 - 493).
65
Evaluate -1 - 80 - 0 - (-126 - (303 + -430)).
-82
Calculate 16 + (-17 + (15 - -1) + -1 - 8).
6
What is -172 - -169 - (-5 + 11) - -103?
94
What is 67 - (-6 + (19 - (-12 + 51)) + 21)?
72
-13 + 5 + (22 - -2) + (-15 - -3)
4
What is 10 + -8 - -36 - (-115 - -106)?
47
What is the value of 2 - (24 - (-2 + 11 - 5))?
-18
Calculate (2 - (4 + -126)) + -928 + 904.
100
Evaluate -33 - ((1 - 0) + (-32 - -39)).
-41
What is -7 - ((-185 + 190 - (23 + -1)) + 8 + -82)?
84
Evaluate 7 - (-16 + (4 + 1 - -52)).
-34
What is (-57 - -30 - 56) + 110?
27
-2 - ((2 - -1) + -52) - (-64 + 60)
51
What is the value of -6 + 25 + -39 - (1 + 22)?
-43
9 + (-13 - (-58 + 8))
46
What is the value of 38 + -11 - 54 - -85?
58
What is the value of (-327 - (-123 - 106)) + -9 + -1?
-108
Calculate -10 + -14 + 65 + (15 - 33).
23
What is the value of 16 - (-32 - (-18 - 29)) - -138?
139
What is the value of -5 - (2 + 0 - (-307 + 297) - 37)?
20
Calculate -125 - (-39 + (27 - 115)).
2
What is 1 + -1 + 32 + (110 - 115) - (-4 - 9)?
40
(1 - 6) + -338 + 342 + 19
18
(1 + 7 - 1 - (-50 - -47)) + -1857 + 1804
-43
What is the value of (34 - (100 - 58)) + 25?
17
What is (10 + 11 - -7) + 16 + -11?
33
What is the value of 5 + (17 - 12) - (35 + 6) - (10 + -1)?
-40
What is the value of (5 - -1) + (177 - 31 - 103)?
49
Evaluate (53 - (0 - -23)) + -127 + 0.
-97
-95 - -37 - -60 - (0 + 0 - (3 - 3))
2
(2 - 6 - 3) + -14 + 39 - 12
6
8 + -28 + 47 + -14
13
Calculate (-68 - -60) + -60 - (10 - (2 + -5 - -5)).
-76
Calculate 70 + (6 - (7 + (-6 - -10) + -9)) + -7.
67
What is -8 + (-121 - -2) - (-23 + 29 + -18) - -10?
-105
4 - (8 - -2) - 7 - -12
-1
What is -25 + 12 + (16 - 16) + 4 + 12?
3
What is the value of (7 - 3) + (-135 - -79) + 4 + 2 - -9?
-37
What is the value of 49 + 69 + -137 + (-8 + -2 - 2)?
-31
(-1 - -31) + -45 + -103 + 128
10
What is the value of 0 - 15 - (324 + -348)?
9
Calculate 19 + -16 + (-6 + 13 - (-30 - -2)).
38
Evaluate 37 + (46 - 113) + 3.
-27
Evaluate -3 - -8 - (-16 - (24 - (-9 - -10))).
44
What is -19 + (17 - -55) + -41?
12
What is the value of (-40 - -3) + 37 - ((5 - -1) + 28)?
-34
Evaluate 21 - (10 - -16) - -16.
11
Evaluate -156 - (-23 - -9 - 22) - (-2 - 3).
-115
-4 - (-5 + -8 + -6) - (1 + 9)
5
Evaluate 36 + (-70 - -38) - (-1 - -58).
-53
Evaluate (105 - (78 + -34)) + -64.
-3
What is the value of -6 + -1 + 29 + 5 + -43 + (38 - 2)?
20
2 + 2 + (10 + (13 - 23) - -12)
16
Evaluate (16 - 142) + 61 - -61.
-4
What is -12 - ((1 - 6) + (91 - 22)) - 13?
-89
What is (95 + -97 - (9 - -1)) + 5 - -20?
13
(227 + -110 - -14) + -52
79
What is -1973 - -2028 - (1 + 189) - (5 + 1 - -2)?
-143
Calculate 14 + (2 - 2) + -10541 + 10499.
-28
What is the value of 12 + (-23 - (14 + -12)) + (111 - 27)?
71
What is -23 - (12 + -32 - -38)?
-41
53 + -106 - (10 + (34 - 17))
-80
What is -2224 + 2118 - (24 + -4 + -6)?
-120
16 - (-42 + (-4 - (17 + -12 - -4)))
71
What is the value of (-20342 - -20366) + (-1 - (-40 - -1))?
62
What is the value of (10 + 253 - 84) + -82?
97
Evaluate (16 - -19) + -51 + 5 - -23.
12
(-29 - 0) + (-16 - (124 - 122))
-47
What is the value of -19 - (-14 - (18 - 38 - -10))?
-15
Evaluate -58 - (15 + -1 + (0 - (10 - 7))).
-69
-21 - (1 + 1) - (-4351 - -4295)
33
(20 - (-19 - -18)) + -22 + (14 - 0)
13
What is -9 - (-13 - (-29 - -10)) - 34?
-49
What is (-26292 - -26272) + (83 - 0)?
63
Calculate -44 + -1 - (-9 + 4 + -52 + 31 - -14).
-33
What is the value of 11 - (-23 - (-18 + 20 + -11))?
25
What is the value of 28 + -20 - (55 - 17)?
-30
11 - (6 - 12) - (12 - 10) - 10
5
Calculate -63 - -4 - ((-8 + -2 + 32 - 12) + -8).
-61
What is (0 - 4) + 69 + -58 + -58 + -34?
-85
Evaluate -24 - ((-171 - -173) + (1 - 2 - -6)).
-31
What is -8 + (21 - 25) + 0 + 14 - -21?
23
Evaluate -44 - (2 - 10 - (39 + -58 + 9)).
-46
(7 - 21) + 259 + -248
-3
6 + 0 - (-78 - -41 - 42) - 6
79
Calculate -79 + -104 + (69 - -102).
-12
What is (-1 - -96) + -31 + 72 + -52?
84
-3 - 16 - (18 + -4 - -1)
-34
What is the value of (-9 + 31 - 29) + (-6 - (3 + -47))?
31
-11 + ((18 - 8) + -25 - -27 - -5)
6
What is -3 + 20 + 1 + -177 + 142 + 9?
-8
Evaluate -31 + -24 + 116 + -38.
23
What is the value of -22 + -28 - (-3 + -1 + -1 + (0 - -12))?
-57
Evaluate 4 + 20 + -19 + -13 + 12 - 64.
-60
Evaluate (0 - 1) + -9 - (-38 + (21 + 1 - 31)).
37
What is the value of (3 - 52 - (70 - 83)) + 139?
103
Evaluate 90 + (22 - (18 - (-4 - 7) - 23)).
106
(-7 - -56 - 60) + -2 + -1
-14
What is the value of 92 - ((-11 - -23) + -126 + 146)?
60
What is the value of -2 - (4 - (-4 + (-145 - -3)) - (-1063 + 1075))?
-140
Evaluate 58 - (105 - (-42 + 42)).
-47
What is -88 + 8 + -4 - (2 + (12 - (-6 - -18)))?
-86
Evaluate (2 - (-2 - -8)) + (-70 - (-13 - 66)).
5
Evaluate 17 - (-2 - (0 - 7)) - (5 + (-76 - -7)).
76
Calculate 5 - (-64 - -25 - (4 - -3 - 26)).
25
What is the value of -6 - (1 - -4) - (12 + 5 + -4)?
-24
What is -39 - (25 - 29) - -99 - (2 + (0 - -4))?
58
Evaluate -183 + 215 + -59 + 0.
-27
Calculate 613 + -582 - (12 - (-1 - (0 - 3))).
21
(408 - 379 - (1 + 1)) + (1 - 0)
28
-18 - (-37 + 28 + -25 + -16 + 0)
32
Calculate -14 - ((-144 - -89) + 49).
-8
Evaluate 0 - -25 - (-74 + 103 - (15 + 10)).
21
Calculate (162 - (-210 - -244)) + (0 - 11).
117
Calculate 9 + (2 - (-8 - ((-7 - 3) + -62))) - 6.
-59
Evaluate -4 + (39 - 33) - (7 - 1) - -3.
-1
6 + (-49 - -37 - -18) - (1 + -24)
35
(-97 - -61) + 12 + 3 + -2
-23
What is (11 - (-3 - -24) - -27) + 18?
35
-3 + -2 - (-2 - (-2 + -3) - (25 - 41))
-24
-31 + -17 + -7 - (-2 + (-1 - 2))
-50
Evaluate 19 - (40 + (-7 - (6 - 16)) + 11).
-35
What is the value of (-257 - -311) + -73 + 3?
-16
What is 61 + -34 + 22 - (-1 - -10)?
40
What is the value of -13 + (1 + 1 - (-24 - -16 - -12))?
-15
Evaluate 1 + (1 - 1) + (103 - 33 - 116).
-45
Evaluate (26 - (-1 - 1)) + (16 + 87 - 90).
41
Calculate (-176 + 357 - (-5 - -9 - -18)) + -19.
140
Calculate (51 - 43) + 39 + 49.
96
Calculate -18 - -73 - (5 - -127).
-77
What is the value of -8 - -64 - (125 - 67)?
-2
Evaluate 14 + (50 + -7 - 40).
17
Calculate (194 - 125) + 40 + -181.
-72
Calculate -720 + 743 - (-23 + 0).
46
Calculate 47 - ((49 - -21) + 4).
-27
Evaluate (-3 - (4 - -2)) + (-12 - (-48 + -18 + 14)).
31
What is the value of -1 + (11 - 0 - (-15 - (4 - 39)))?
-10
Evaluate -2 - (7 - 6) - (39 - (11 - 5 - -17)).
-19
Calculate 0 + -27 + (0 - -22 - (66 + -38)).
-33
What is (21 - (2 + (19 - 9))) + (-1 - (-10 + 1))?
17
Calculate 50 + -24 + (29 - 44).
11
-8 - (-18 - -8) - (1 + (-66 - -3))
64
Calculate 114 - (-28 + 54 + 33 + -30).
85
Calculate 9 + (31 - 17) + -2 - 41.
-20
Calculate -100 + (-48 - -64) - -84.
0
Calculate (30 - (-2 + 1 + 1)) + (376 - 374).
32
What is the value of -130 + 2 + (-4921 - -5127)?
78
What is 1 + 19 - 12 - -2 - (-1 + -14)?
25
Evaluate -14 + 23 + 0 + -3 + 4 - -63.
73
Calculate 4 + -1 + -1 + 4 - -46 - (-5 - -7).
50
Calculate -131 - -56 - (1 + -79).
3
Calculate -8 + -6 + 5 + -2 + 75 + (-11 - -10).
63
What is the value of 20122 + -20108 + (-143 + (-1 - -4 - 3) - 1)?
-130
Evaluate (-6 + -2 - 6) + 518 + -548.
-44
What is -41 + (-51 - -47) + (11 - -15)?
-19
What is the value of (-46 - -91 - 43 - 9) + 47?
40
What is the value of -21 - (-68 + -17) - (11 + 11)?
42
Calculate 5 + -8 + 3 + (5 - 11) + (-1 - -2).
-5
-63 - (86 - 62) - -105
18
Calculate -77 + (24 - 43) + 4 + (6 - -4).
-82
What is (31 - (28 + -5)) + -2 + -2 - (27 + -2)?
-21
4 - (-12 + (11 + -4 - 0) + -123)
132
What is the value of 145 + -127 + -5 + -17 + 3 + 103?
102
What is the value of 48 + -119 + -34 + 107 + -25?
-23
(-1 - -6) + (-35 - -25) - 12
-17
Evaluate 33 + -44 + 25 + (0 - 0) + 5.
19
14 + 8 - 58 - 62
-98
What is the value of -19 - (-33 + (117 - 45))?
-58
Calculate (-625 - -607) + 0 + 60.
42
Evaluate (3 - 30 - 40) + (-9 - -39).
-37
What is the value of -1 + -3 - (-170 + 35 - ((-2 - 22) + 14))?
121
Calculate 48 - (103 + (-126 - -70)).
1
1 - (-9 + 3 + 3 + -20 + 15 - -61)
-52
What is -4849 + 4815 - (-3 - 103)?
72
Calculate (-34 - (56 - 59)) + 18.
-13
